*m = -291. What is the tens digit of o?
9
Let l be (2/(-6))/((-6)/72). Suppose -2 = q - l. Suppose q*s - d = 22, 3*s - s + d - 22 = 0. What is the units digit of s?
1
Suppose 3*c + v - 161 = 157, 3*c = v + 318. What is the tens digit of -3*(c/(-3) + 1)?
0
Let z(n) = -29*n**2 - 5*n + 19. Let f(u) = 87*u**2 + 14*u - 56. Let w(o) = -3*f(o) - 8*z(o). Let v be w(-8). What is the units digit of v/(-30) - 1/(-5)?
1
Let t(w) = -8*w + 9. Let b(z) = -4*z + 5. Let a(l) = 7*b(l) - 4*t(l). Suppose 10 = -98*k + 108*k. What is the units digit of a(k)?
3
Let t(g) = 47*g**2 - 15*g - 25. What is the tens digit of t(-3)?
4
Let h = 1702 + -341. What is the thousands digit of h?
1
Let b = -19 + 14. Let t be b/(-10) + 149/2. Suppose -8*u + t = -3*u. What is the tens digit of u?
1
Let b(c) = 343*c**2 - 87*c - 259. What is the hundreds digit of b(-3)?
0
Let l be 42/147 + 416/14. Let g = -6 - -8. Suppose l = g*j - 16. What is the units digit of j?
3
What is the thousands digit of (-466 - 0)/(3*(-20)/150)?
1
What is the tens digit of (-274 - 18)*1*-18?
5
Let s = 1691 - 1007. What is the tens digit of s?
8
Suppose 1617 = 34*z - 31*z. What is the hundreds digit of z?
5
Let a be (14/6)/((-12)/(-72)). Let d be ((-60)/(-14))/((-2)/a). Let s = 70 + d. What is the tens digit of s?
4
Suppose 0 = -2*b - j - 103, 6*b - b - 3*j = -230. Let a = 69 + b. Let r = a + -12. What is the units digit of r?
8
Let u = 71 - 76. What is the units digit of (-4)/(-2) + u + (-348)/(-3)?
3
Let y = 1244 + -596. What is the hundreds digit of y?
6
Let f(a) = -5*a**3 + 2*a**2 + 17*a + 16. What is the tens digit of f(-4)?
0
Suppose -5*v + v = -3*k - 8, -5*v = -k - 21. Suppose k*x = 198 + 182. What is the units digit of x?
5
Let m = -6 + 9. Suppose -4*y - 5*p = -3, 10 - 1 = m*y - 3*p. Suppose 3*k - k - y = 0. What is the units digit of k?
1
Suppose -28*h = -100 + 16. Suppose 0*w = w - 16. Let u = h + w. What is the units digit of u?
9
Let k(j) = 136*j**3 - 1. Let n be k(1). Let p be 1/(3/n*3). Suppose 2*d - p - 1 = 0. What is the units digit of d?
8
Let i(a) be the second derivative of -69*a**5/20 - a**3/3 - a**2/2 + a. What is the tens digit of i(-1)?
7
Let t(k) = -182*k**3 + 3*k**2 - 2*k - 2. Let r(h) = -h**3 - h**2 + h + 1. Let m(p) = 2*r(p) + t(p). Let b be m(-1). What is the units digit of 2*(b/(-2))/(-5)?
7
Suppose 7840 = 11*a + 5*a. What is the units digit of a?
0
Let r(a) = a**2 + 2*a. Let n be r(-3). Suppose -3*w + i + 11 = -n*i, -w = -3*i - 2. Suppose -w*l + 3 + 2 = 0. What is the units digit of l?
1
Suppose -3*l + 6*r + 243 = 9*r, -4*r + 403 = 5*l. What is the units digit of l?
9
Let n = -192 + 275. What is the units digit of n?
3
Let c(r) = r**3 - 2*r**2 + 4*r - 1. Let i be c(3). Let m be (i/(-8))/(3/(-6)). Suppose x - 32 = 3*j, 20 = -m*j - 0*j. What is the units digit of x?
0
Suppose -7*p - 14 = 7*p. Let h = 6 + -4. What is the units digit of 2 - h*4/p?
0
What is the tens digit of -19*(1 + -4)*(-3)/(-1)?
7
Suppose 4*c + 5 = u + 4*u, 0 = -4*c. What is the hundreds digit of (208/(-5) - u)*(-8 + 3)?
2
Let a = 13 - 17. Let m be (a/(-1) - -4) + -3. Suppose -3*l + 130 = -0*l + m*u, 0 = 2*l + 3*u - 85. What is the tens digit of l?
3
Suppose -l - 9 = -v - 4, 4*l = -20. Let f(o) = -2*o**2 + 15 + 16 + 3*o**2. What is the units digit of f(v)?
1
Let v = 167 + -71. Suppose -v = -6*b - 0*b. What is the tens digit of b?
1
Let z(a) = 2*a**2 - 11*a - 84. What is the tens digit of z(12)?
7
Let o(f) = -f**2 + 9*f + 20. Let i be o(11). What is the units digit of (0 - 1)*i*18?
6
Suppose h - 2*i + 3 = -6, 4*h + 26 = -2*i. Let w = h - -7. Suppose w = 4*b + 12, 12 = -3*k - 4*b + 51. What is the units digit of k?
7
Suppose -2*w + 927 + 357 = 0. Suppose -2*x = 254 - w. What is the hundreds digit of x?
1
What is the units digit of (230/(-15) - -10)/((-4)/42)?
6
Let j = 198 + -25. Suppose j - 21 = k. What is the tens digit of k?
5
Let s = 1376 + -966. What is the hundreds digit of s?
4
Suppose 7*a + t + 130 = 8*a, -396 = -3*a - 3*t. What is the hundreds digit of a?
1
Suppose 0 = -h, c = -5*h + 5 - 0. Suppose -v = 5*s - 25, 8*s = 3*s - c*v + 25. Suppose -u = -5*b - 66, 47 + 91 = 3*u + s*b. What is the units digit of u?
1
What is the units digit of (15223/91)/(8/56)?
1
Let p(t) = 339*t - 678. What is the tens digit of p(8)?
3
Suppose 3*x - 207 - 162 = 0. Let t = x - 36. What is the units digit of t?
7
Let b = 178 - 73. Suppose -3*o - 4*o + b = 0. What is the tens digit of o?
1
Let g = -29 - -22. Let v(a) = a**3 + 8*a**2 - a - 13. What is the units digit of v(g)?
3
Let x = -6 + 11. Suppose -2*k + 49 = x*k. Let m(n) = n**2 - n + 20. What is the units digit of m(k)?
2
Suppose 2316 = 18*d + 480. What is the units digit of d?
2
Let a = -34 + 46. What is the tens digit of ((-1170)/a)/((-3)/4)?
3
Let y = 623 - 52. What is the hundreds digit of y?
5
Let u(g) = -4*g**3 - 4*g**2 + 12*g + 9. What is the tens digit of u(-7)?
0
Let n be (-11)/(-5) - 2/10. Suppose n*x - 110 = 14. What is the units digit of x?
2
Let g(j) = 6*j**2 + 2*j - 28. What is the tens digit of g(6)?
0
Let a = 13 + -8. Suppose -a*x = -0*x - 15. Suppose 2*z + x*z - 155 = -5*r, 2*z - 4*r - 44 = 0. What is the tens digit of z?
2
Let h = 20 - 8. Suppose 0 = h*f - 9*f + 156. Let b = f - -75. What is the units digit of b?
3
Suppose 0 = 2*u - 2*j - 2880, -j + 1436 = 9*u - 8*u. What is the hundreds digit of u?
4
Let n(h) = -h**2 + 3. Let p be n(0). What is the tens digit of (1*p)/(12/204)?
5
Let y(w) = w**3 + 4*w**2 - 7*w - 7. Let j be y(-5). Suppose 0 = j*x + 2*x - 30. Suppose -x*d = -d - 5. What is the units digit of d?
1
What is the hundreds digit of 6 + (2 - 5) - -215?
2
Suppose 4 = -s + 24. Suppose 0 = 11*z - 12*z + s. Let p = 33 - z. What is the tens digit of p?
1
Suppose -66*m = -69*m. What is the tens digit of (-4 + m)*(-134)/8?
6
Suppose 2*q = 4*v + 256, 132 = v - 3*v + 3*q. What is the units digit of 1680/v*3/(-2)?
0
Suppose 2*o - 27 = 5*k + 280, -5*o + 690 = 3*k. Suppose 0 = c - 141 - o. What is the tens digit of c/15 + (-2)/(-10)?
1
Let p(x) = -x**2 - 3*x + 3. Let z be p(-3). Suppose -3*m - 3*v = -396, -v = 1 + z. What is the units digit of m?
6
Suppose 0 = l - 15*l - 392. What is the units digit of -7*(92/l + 3)?
2
Suppose 3*m - 5*g = -0 - 1, 25 = 5*m + 5*g. Suppose 0 = -5*d - 5*n + 25, -d - 2*n + 4 = -m. Suppose -d*i = 2*i - 15, r + 8 = 5*i. What is the units digit of r?
7
Let y = -171 + 322. Let g = -85 + y. What is the units digit of g?
6
Let k(o) = -o**3 - 9*o**2 + 88*o + 34. What is the units digit of k(-20)?
4
Let h(v) be the first derivative of v**2 + 6*v - 1. Let c be h(9). Let o = c - 2. What is the units digit of o?
2
Let l = 349 - 244. Let b = l - 74. What is the units digit of b?
1
Suppose -5*p + 275 = -0*p. Suppose 5*v + 270 + p = 5*h, -325 = 5*v - 2*h. Let s = v + 111. What is the tens digit of s?
4
Let r = -1675 + 4256. What is the thousands digit of r?
2
Suppose 0 = 12*t - 2580 + 372. What is the tens digit of t?
8
Let t = -890 - -901. What is the units digit of t?
1
Let o be -2 + (-4 - -2 - 0). What is the units digit of 275/6 + o/(-24)?
6
Suppose 5*w = -15, -z + 2*w - 5 = 1. What is the units digit of 1*-427*z/42?
2
Suppose -34882 + 4186 = -8*d. What is the hundreds digit of d?
8
Let d(n) = 13*n**2 + 14*n - 12. What is the tens digit of d(-5)?
4
Let r be 3 - 21*13 - -4. Let g = -156 - r. What is the tens digit of g?
1
Let u be 0/((6 - 3) + 1). Suppose 4*n - 28 - 24 = u. What is the tens digit of n?
1
Let y(l) = -47*l**3 + 2*l**2 - 7*l + 6. Let g(a) = -47*a**3 + 2*a**2 - 6*a + 5. Let s(n) = 6*g(n) - 5*y(n). What is the tens digit of s(-1)?
5
Suppose 4*b - 317 - 87 = 0. Let r = b + -27. What is the tens digit of r?
7
Suppose -5870 = -2*g + i, 4*i - 2932 = -g + 3*i. What is the units digit of g?
4
Suppose 5*w - c - 2000 = 0, 2*w + 5*c = 6*w - 1621. What is the tens digit of w?
9
Let k = 100 - -309. What is the hundreds digit of k?
4
Suppose -5*u + 29 = 2*w, -2*w - 3*u + 23 = 2*w. Suppose -6 = -4*i + w*i. Suppose -i - 10 = -r. What is the tens digit of r?
1
What is the units digit of (68/(-136))/((-1)/8472)?
6
Suppose -4*q + 3*q + 19 = 3*j, 0 = -j - 2*q - 2. Suppose -3*z - z + j = 0. Suppose -z = 4*i - 18. What is the units digit of i?
4
Let b(a) = 18*a**2 - 18*a - 90. What is the units digit of b(-5)?
0
What is the tens digit of 33156/4